{"id":234,"date":"2025-08-26T20:27:25","date_gmt":"2025-08-26T18:27:25","guid":{"rendered":"https:\/\/devilboi.pl\/?post_type=product&#038;p=234"},"modified":"2025-08-27T20:48:36","modified_gmt":"2025-08-27T18:48:36","slug":"nanu","status":"publish","type":"product","link":"https:\/\/devilboi.pl\/?product=nanu","title":{"rendered":"Nanu"},"content":{"rendered":"","protected":false},"excerpt":{"rendered":"<p><img decoding=\"async\" class=\"alignnone size-medium wp-image-224\" src=\"https:\/\/devilboi.pl\/wp-content\/uploads\/2025\/08\/Nanu.png\" alt=\"\" width=\"1\" height=\"1\" \/><img decoding=\"async\" class=\"alignnone size-medium wp-image-273\" src=\"https:\/\/devilboi.pl\/wp-content\/uploads\/2025\/08\/Golnna.png\" alt=\"\" width=\"1\" height=\"1\" \/><strong>Co otrzymujesz?<\/strong><\/p>\n<ul>\n<li><em><strong>Rysunek cyfrowy<\/strong><\/em> w pe\u0142nej rozdzielczo\u015bci <strong>2480 x 3508 pikseli (A4, 300 DPI)<\/strong> \u2013 idealny do druku. <strong>Kupuj\u0105c ten wz\u00f3r, zyskujesz pe\u0142ne prawa do jego wy\u0142\u0105cznego posiadania \u2013 nikt inny nie b\u0119dzie m\u00f3g\u0142 go ju\u017c kupi\u0107 ani wykorzysta\u0107.<\/strong> To pojedynczy, niepowtarzalny egzemplarz, kt\u00f3ry staje si\u0119 w pe\u0142ni Tw\u00f3j.<\/li>\n<li><strong>Otrzymujesz &#8211; <\/strong><strong>Pliki bez znaku wodnego \u2013 gotowe do u\u017cytku wed\u0142ug Twoich potrzeb &#8211; <\/strong>wersje ze szczeg\u00f3\u0142owym t\u0142em oraz czyst\u0105 wersj\u0119 bez t\u0142a (przezroczyste t\u0142o). <span style=\"font-size: 16px;\"><strong>Mo\u017cliwo\u015b\u0107 u\u017cycia komercyjnego<\/strong>. Gwarancja unikalno\u015bci. <strong>Po zakupie rysunek zostaje usuni\u0119ty ze sprzeda\u017cy i nigdy nie zostanie wykorzystany w innych materia\u0142ach (np. na gad\u017cetach, plakatach czy grafikach reklamowych)<\/strong>. To Twoje jedyne i niepowtarzalne dzie\u0142o.<\/span><\/li>\n<li><em><strong>Dostarczenie plik\u00f3w &#8211;<\/strong> <\/em><strong>Gotowe pliki zostan\u0105 wys\u0142ane na Tw\u00f3j adres e-mail w ci\u0105gu maksymalnie 7 dni roboczych od potwierdzenia p\u0142atno\u015bci.<\/strong><\/li>\n<\/ul>\n","protected":false},"featured_media":418,"template":"","meta":{"site-sidebar-layout":"default","site-content-layout":"","ast-site-content-layout":"default","site-content-style":"default","site-sidebar-style":"default","ast-global-header-display":"","ast-banner-title-visibility":"","ast-main-header-display":"","ast-hfb-above-header-display":"","ast-hfb-below-header-display":"","ast-hfb-mobile-header-display":"","site-post-title":"","ast-breadcrumbs-content":"","ast-featured-img":"","footer-sml-layout":"","theme-transparent-header-meta":"default","adv-header-id-meta":"","stick-header-meta":"","header-above-stick-meta":"","header-main-stick-meta":"","header-below-stick-meta":"","astra-migrate-meta-layouts":"set","ast-page-background-enabled":"default","ast-page-background-meta":{"desktop":{"background-color":"var(--ast-global-color-5)","background-image":"","background-repeat":"repeat","background-position":"center center","background-size":"auto","background-attachment":"scroll","background-type":"","background-media":"","overlay-type":"","overlay-color":"","overlay-opacity":"","overlay-gradient":""},"tablet":{"background-color":"","background-image":"","background-repeat":"repeat","background-position":"center center","background-size":"auto","background-attachment":"scroll","background-type":"","background-media":"","overlay-type":"","overlay-color":"","overlay-opacity":"","overlay-gradient":""},"mobile":{"background-color":"","background-image":"","background-repeat":"repeat","background-position":"center center","background-size":"auto","background-attachment":"scroll","background-type":"","background-media":"","overlay-type":"","overlay-color":"","overlay-opacity":"","overlay-gradient":""}},"ast-content-background-meta":{"desktop":{"background-color":"var(--ast-global-color-4)","background-image":"","background-repeat":"repeat","background-position":"center center","background-size":"auto","background-attachment":"scroll","background-type":"","background-media":"","overlay-type":"","overlay-color":"","overlay-opacity":"","overlay-gradient":""},"tablet":{"background-color":"var(--ast-global-color-4)","background-image":"","background-repeat":"repeat","background-position":"center center","background-size":"auto","background-attachment":"scroll","background-type":"","background-media":"","overlay-type":"","overlay-color":"","overlay-opacity":"","overlay-gradient":""},"mobile":{"background-color":"var(--ast-global-color-4)","background-image":"","background-repeat":"repeat","background-position":"center center","background-size":"auto","background-attachment":"scroll","background-type":"","background-media":"","overlay-type":"","overlay-color":"","overlay-opacity":"","overlay-gradient":""}}},"product_brand":[],"product_cat":[15],"product_tag":[],"class_list":{"0":"post-234","1":"product","2":"type-product","3":"status-publish","4":"has-post-thumbnail","6":"product_cat-art","7":"desktop-align-center","8":"tablet-align-left","9":"mobile-align-left","11":"first","12":"instock","13":"virtual","14":"purchasable","15":"product-type-simple"},"_links":{"self":[{"href":"https:\/\/devilboi.pl\/index.php?rest_route=\/wp\/v2\/product\/234","targetHints":{"allow":["GET"]}}],"collection":[{"href":"https:\/\/devilboi.pl\/index.php?rest_route=\/wp\/v2\/product"}],"about":[{"href":"https:\/\/devilboi.pl\/index.php?rest_route=\/wp\/v2\/types\/product"}],"wp:featuredmedia":[{"embeddable":true,"href":"https:\/\/devilboi.pl\/index.php?rest_route=\/wp\/v2\/media\/418"}],"wp:attachment":[{"href":"https:\/\/devilboi.pl\/index.php?rest_route=%2Fwp%2Fv2%2Fmedia&parent=234"}],"wp:term":[{"taxonomy":"product_brand","embeddable":true,"href":"https:\/\/devilboi.pl\/index.php?rest_route=%2Fwp%2Fv2%2Fproduct_brand&post=234"},{"taxonomy":"product_cat","embeddable":true,"href":"https:\/\/devilboi.pl\/index.php?rest_route=%2Fwp%2Fv2%2Fproduct_cat&post=234"},{"taxonomy":"product_tag","embeddable":true,"href":"https:\/\/devilboi.pl\/index.php?rest_route=%2Fwp%2Fv2%2Fproduct_tag&post=234"}],"curies":[{"name":"wp","href":"https:\/\/api.w.org\/{rel}","templated":true}]}}